{"id":3879,"date":"2026-01-30T09:52:48","date_gmt":"2026-01-30T08:52:48","guid":{"rendered":"https:\/\/craaltorricon.catedu.es\/?page_id=3879"},"modified":"2026-04-16T11:25:34","modified_gmt":"2026-04-16T09:25:34","slug":"pagos-tpv","status":"publish","type":"page","link":"https:\/\/craaltorricon.catedu.es\/?page_id=3879","title":{"rendered":"Pagos TPV"},"content":{"rendered":"\n<h3><span style=\"color: #339966;\"><strong>Gu\u00eda de c\u00f3mo realizar los pagos :<\/strong><\/span><\/h3>\n\n\n\n<div data-wp-interactive=\"core\/file\" class=\"wp-block-file\"><object data-wp-bind--hidden=\"!state.hasPdfPreview\" hidden class=\"wp-block-file__embed\" data=\"https:\/\/craaltorricon.catedu.es\/wp-content\/uploads\/sites\/188\/2026\/03\/Explicacion-pagos-TPV.pdf\" type=\"application\/pdf\" style=\"width:100%;height:600px\" aria-label=\"Incrustado de Explicaci\u00f3n pagos TPV.\"><\/object><a id=\"wp-block-file--media-24af9aa0-3fbf-4101-bba4-f4f36e848d10\" href=\"https:\/\/craaltorricon.catedu.es\/wp-content\/uploads\/sites\/188\/2026\/03\/Explicacion-pagos-TPV.pdf\">Explicaci\u00f3n pagos TPV<\/a><a href=\"https:\/\/craaltorricon.catedu.es\/wp-content\/uploads\/sites\/188\/2026\/03\/Explicacion-pagos-TPV.pdf\" class=\"wp-block-file__button wp-element-button\" download aria-describedby=\"wp-block-file--media-24af9aa0-3fbf-4101-bba4-f4f36e848d10\">Descarga<\/a><\/div>\n\n\n\n<h3><span style=\"color: #339966;\">Seleccionar el pago que se quiere realizar en la siguiente lista :<\/span><\/h3>\n\n\n\n<p>Pago reserva excursi\u00f3n al camping Stel en Roda de Bar\u00e1 <strong>3\u00ba<\/strong> y <strong>4\u00ba primaria.<\/strong><\/p>\n\n\n\n<p>Pago reserva excursi\u00f3n al camping Stel en Roda de Bar\u00e1 <strong>5\u00ba<\/strong> y <strong>6\u00ba primaria.<\/strong><\/p>\n\n\n\n<p><a href=\"https:\/\/aplicaciones.aragon.es:443\/edutpv\/formupagotpv.do?formId=NzAzMDI%3D\">Pago excursi\u00f3n <span style=\"font-weight: 400;\">zool\u00f3gico Iris Barbastro<\/span>&nbsp;<b>INFANTIL<\/b>.<\/a><\/p>\n\n\n\n<p><a href=\"https:\/\/aplicaciones.aragon.es:443\/edutpv\/formupagotpv.do?formId=NzI2MTE%3D\">Pago excursi\u00f3n <span style=\"font-weight: 400;\">factor\u00eda m\u00e1gica de Civi-Civiac<\/span>\u00a0<b>INFANTIL<\/b>.<\/a><\/p>\n\n\n\n<p><a href=\"https:\/\/aplicaciones.aragon.es:443\/edutpv\/formupagotpv.do?formId=NzAwNjg%3D\">Pago excursi\u00f3n <span style=\"font-weight: 400;\">Alcoraz + Planetario + Museo Mates en Huesca<\/span>&nbsp;<b>PRIMARIA<\/b>.<\/a><\/p>\n\n\n\n<p><a href=\"https:\/\/aplicaciones.aragon.es:443\/edutpv\/formupagotpv.do?formId=NzIyMjg%3D\">Pago excursi\u00f3n <span style=\"font-weight: 400;\">La Gabarda aventura<\/span> <strong>1\u00ba y 2\u00ba<\/strong> <b>primaria<\/b>.<\/a><\/p>\n\n\n\n<p>Pago resto excursi\u00f3n al camping Stel en Roda de Bar\u00e1 <strong>3\u00ba<\/strong> y <strong>4\u00ba primaria.<\/strong><\/p>\n\n\n\n<p>Pago resto excursi\u00f3n al camping Stel en Roda de Bar\u00e1 <strong>5\u00ba y 6\u00ba primaria<\/strong>.<\/p>\n\n\n\n<p>Pago estancia CRIE <strong>4\u00ba, 5\u00ba y 6\u00ba primaria<\/strong>.<\/p>\n","protected":false},"excerpt":{"rendered":"<p>Gu\u00eda de c\u00f3mo realizar los pagos : Seleccionar el pago que se quiere realizar en la siguiente lista : Pago reserva excursi\u00f3n al camping Stel en Roda de Bar\u00e1 3\u00ba y 4\u00ba primaria. Pago reserva excursi\u00f3n al camping Stel en Roda de Bar\u00e1 5\u00ba y 6\u00ba primaria. Pago excursi\u00f3n zool\u00f3gico Iris Barbastro&nbsp;INFANTIL. Pago excursi\u00f3n factor\u00eda <a href=\"https:\/\/craaltorricon.catedu.es\/?page_id=3879\" class=\"more-link\">...contin\u00faa leyendo<span class=\"screen-reader-text\"> \"Pagos TPV\"<\/span><\/a><\/p>\n","protected":false},"author":790,"featured_media":0,"parent":0,"menu_order":0,"comment_status":"closed","ping_status":"closed","template":"","meta":{"_monsterinsights_skip_tracking":false,"_monsterinsights_sitenote_active":false,"_monsterinsights_sitenote_note":"","_monsterinsights_sitenote_category":0,"jetpack_post_was_ever_published":false,"footnotes":""},"class_list":["post-3879","page","type-page","status-publish","h-entry","hentry","h-as-page"],"jetpack_sharing_enabled":true,"jetpack_shortlink":"https:\/\/wp.me\/P8T00Q-10z","jetpack-related-posts":[{"id":111,"url":"https:\/\/craaltorricon.catedu.es\/?page_id=111","url_meta":{"origin":3879,"position":0},"title":"\u00a1\u00a1BIENVENIDOS!!","author":"admin","date":"2 julio, 2017","format":false,"excerpt":"Nos presentamos... Somos el Colegio Rural Agrupado ( CRA ) de Altorric\u00f3n. Est\u00e1 formado por las localidades de Altorric\u00f3n, que es la sede, Algay\u00f3n y Vencill\u00f3n. En esta p\u00e1gina podr\u00e9is encontrar informaciones varias de nuestro CRA as\u00ed como algunas de las actividades que se realizan en las diferentes localidades. Si\u2026","rel":"","context":"Entrada similar","block_context":{"text":"Entrada similar","link":""},"img":{"alt_text":"","src":"","width":0,"height":0},"classes":[]},{"id":3771,"url":"https:\/\/craaltorricon.catedu.es\/?page_id=3771","url_meta":{"origin":3879,"position":1},"title":"SIGAD DID\u00c1CTICA","author":"CRA Altorric\u00f3n","date":"29 septiembre, 2025","format":false,"excerpt":"Para acceder a SIGAD Did\u00e1ctica clicar este enlace. Si no se recuerda el usuario o la contrase\u00f1a, seguir las instrucciones de este documento. En el siguiente v\u00eddeo pod\u00e9is ver c\u00f3mo funciona la plataforma SIGAD Did\u00e1ctica para las familias. https:\/\/www.youtube.com\/watch?v=C0zpYVBc9PQ","rel":"","context":"Entrada similar","block_context":{"text":"Entrada similar","link":""},"img":{"alt_text":"","src":"https:\/\/i0.wp.com\/img.youtube.com\/vi\/C0zpYVBc9PQ\/0.jpg?resize=350%2C200","width":350,"height":200},"classes":[]},{"id":3717,"url":"https:\/\/craaltorricon.catedu.es\/?page_id=3717","url_meta":{"origin":3879,"position":2},"title":"Documentos","author":"CRA Altorric\u00f3n","date":"16 abril, 2025","format":false,"excerpt":"Aqu\u00ed pod\u00e9is encontrar varios documentos, a medida que los tengamos hechos y aprobados, los iremos subiendo. Proyecto Curricular de Etapa ( PCE ) Infantil Proyecto Curricular de Etapa ( PCE ) Primaria Programaci\u00f3n General Anual ( PGA ) 25-26","rel":"","context":"Entrada similar","block_context":{"text":"Entrada similar","link":""},"img":{"alt_text":"","src":"","width":0,"height":0},"classes":[]},{"id":185,"url":"https:\/\/craaltorricon.catedu.es\/?page_id=185","url_meta":{"origin":3879,"position":3},"title":"Contacto","author":"admin","date":"14 octubre, 2017","format":false,"excerpt":"Tel\u00e9fonos de contacto : SEDE - CRA Altorric\u00f3n - Altorric\u00f3n - 974425202 CRA Altorric\u00f3n - Algay\u00f3n -\u00a0974424036 CRA Altorric\u00f3n - Vencill\u00f3n -\u00a0974434344 Email de contacto : craaltorricon@educa.aragon.es Formulario de contacto de la web :\u00a0","rel":"","context":"Entrada similar","block_context":{"text":"Entrada similar","link":""},"img":{"alt_text":"","src":"","width":0,"height":0},"classes":[]},{"id":1208,"url":"https:\/\/craaltorricon.catedu.es\/?page_id=1208","url_meta":{"origin":3879,"position":4},"title":"Blog de M\u00fasica del CRA","author":"admin","date":"5 noviembre, 2018","format":false,"excerpt":"","rel":"","context":"Entrada similar","block_context":{"text":"Entrada similar","link":""},"img":{"alt_text":"musiCRAmaestra","src":"https:\/\/musicramaestra.files.wordpress.com\/2018\/09\/cropped-musssss1.jpg?w=350&h=200&crop=1","width":350,"height":200,"srcset":"https:\/\/musicramaestra.files.wordpress.com\/2018\/09\/cropped-musssss1.jpg?w=350&h=200&crop=1 1x, https:\/\/musicramaestra.files.wordpress.com\/2018\/09\/cropped-musssss1.jpg?w=525&h=300&crop=1 1.5x, https:\/\/musicramaestra.files.wordpress.com\/2018\/09\/cropped-musssss1.jpg?w=700&h=400&crop=1 2x"},"classes":[]}],"jetpack_likes_enabled":true,"_links":{"self":[{"href":"https:\/\/craaltorricon.catedu.es\/index.php?rest_route=\/wp\/v2\/pages\/3879","targetHints":{"allow":["GET"]}}],"collection":[{"href":"https:\/\/craaltorricon.catedu.es\/index.php?rest_route=\/wp\/v2\/pages"}],"about":[{"href":"https:\/\/craaltorricon.catedu.es\/index.php?rest_route=\/wp\/v2\/types\/page"}],"author":[{"embeddable":true,"href":"https:\/\/craaltorricon.catedu.es\/index.php?rest_route=\/wp\/v2\/users\/790"}],"replies":[{"embeddable":true,"href":"https:\/\/craaltorricon.catedu.es\/index.php?rest_route=%2Fwp%2Fv2%2Fcomments&post=3879"}],"version-history":[{"count":11,"href":"https:\/\/craaltorricon.catedu.es\/index.php?rest_route=\/wp\/v2\/pages\/3879\/revisions"}],"predecessor-version":[{"id":3954,"href":"https:\/\/craaltorricon.catedu.es\/index.php?rest_route=\/wp\/v2\/pages\/3879\/revisions\/3954"}],"wp:attachment":[{"href":"https:\/\/craaltorricon.catedu.es\/index.php?rest_route=%2Fwp%2Fv2%2Fmedia&parent=3879"}],"curies":[{"name":"wp","href":"https:\/\/api.w.org\/{rel}","templated":true}]}}